at are the prime factors of y/v + 184/18?
2, 5
Let n be (1/(-3))/(1/(-39)). Let m = 4 + n. What are the prime factors of m?
17
Suppose 2*q - 38 = q - 2*p, -4*q - 4*p = -144. List the prime factors of q.
2, 17
Let d(s) = s**3 + 5*s**2 + s + 7. Let f be d(-5). Suppose -27 + 3 = -2*n + f*u, 0 = 3*n + 4*u - 29. List the prime factors of n.
11
Suppose r = -14 + 35. What are the prime factors of r?
3, 7
Let i(j) = j**3 + 13*j**2 - 24*j + 29. What are the prime factors of i(-13)?
11, 31
Suppose m = 2*h - 6, 3*m = h - 2*m - 3. Suppose h*i = 4*i - 4. What are the prime factors of 2*i/((-16)/(-14))?
7
Let u be 16/24*(-3)/(-1). Let h be (75/2)/5*2. Suppose o - h = -u*o. What are the prime factors of o?
5
Let h = 0 + 2. Suppose 0 = -j - h. What are the prime factors of 7 - ((5 - 2) + j)?
2, 3
Suppose -5*j = 5*c - 85, -2*c = 2*c - 20. List the prime factors of j.
2, 3
Suppose -6*f + f + 10 = 0. Let z(m) = m**2 - 2*m + 2. List the prime factors of z(f).
2
Suppose -n - 19 + 65 = 0. Let c = n - 33. List the prime factors of c.
13
Suppose 5*r - 55 = 235. List the prime factors of r.
2, 29
Let m = 41 - 26. List the prime factors of ((-12)/18)/((-1)/m).
2, 5
Suppose 7*r - 125 = 2*r. Let u = -15 + r. Let p = u + 1. List the prime factors of p.
11
Suppose 2*u - 516 = -2*u. Suppose 0 = 5*c - u - 71. What are the prime factors of c?
2, 5
Suppose -7 = 3*z + 8. Suppose 2*d - 38 + 12 = 0. Let k = d + z. What are the prime factors of k?
2
Let t(r) = r + 7. Let c be t(-5). Suppose -c*m = 5*a - 6, 2*a + 0*a = 0. List the prime factors of m.
3
Suppose 0 = r + 5*c - 46, 22 - 117 = -5*r + 2*c. What are the prime factors of r?
3, 7
Suppose -w + 5*l - 1 = 0, 0*w + 4*l - 26 = -2*w. List the prime factors of (-24)/w*42/(-8).
2, 7
Let g = -3 - -9. Let k = -3 + 5. Suppose -8 = -k*i + g. What are the prime factors of i?
7
Let u(k) = -3*k + 5. Let f be u(4). Let c(l) = -l**2 - 6*l. Let i be c(f). Let d = i + 13. What are the prime factors of d?
2, 3
List the prime factors of (1/1 - -1)*2.
2
Suppose 0 = 5*i + 19 - 64. List the prime factors of i.
3
Let r(h) be the third derivative of -h**4/12 + h**3/6 + 2*h**2. Let n be 2 + -2 - 3/1. List the prime factors of r(n).
7
Let g = -3 - -6. Suppose 5 = 5*t + 5*f - 0*f, -4*t + 25 = -g*f. Suppose -c = 3*x - t, 0*c = -3*c - x + 28. What are the prime factors of c?
2, 5
What are the prime factors of ((-96)/(-28))/(2/21)?
2, 3
Let d(t) = t**3 - t**2 - 5*t + 1. Let s be d(5). Suppose -5*z - 4*u = s, -4*z + 7 - 35 = -5*u. What are the prime factors of (-5)/((-45)/z)*-9?
2, 3
Let f(y) = -13*y**3 + 21*y**2 + 7*y - 25. Let k(c) = -7*c**3 + 11*c**2 + 3*c - 13. Let w(j) = 6*f(j) - 11*k(j). List the prime factors of w(6).
11
Let l be ((-3)/(-4))/(4/96). List the prime factors of (l/(-4))/(1/(-2)).
3
Let u(m) = 2*m**2 - 6*m - 1. What are the prime factors of u(5)?
19
Suppose 0 = 4*p - 20 + 4. Suppose 5*q + 2*k = 3*q + 32, -2*q = p*k - 26. What are the prime factors of q?
19
Let t = -29 - -47. List the prime factors of t.
2, 3
Suppose 0 = y - 2*h - 3, -h + 0*h = -2. Suppose o = -l + 7, 5*o = -l + y - 0. What are the prime factors of l?
7
Suppose -2*a = 2*j + a - 59, -5*j + 4*a + 159 = 0. Let k(x) = -x**3 + 4*x**2 + 2*x - 5. Let t be k(5). Let v = t + j. List the prime factors of v.
11
Suppose 0*y = 4*y. Let u(w) = w + 22. What are the prime factors of u(y)?
2, 11
Suppose q - 4*q = 6, q + 19 = p. List the prime factors of p.
17
Suppose -263 = -2*u + 4*n + 103, 4*u = 4*n + 732. List the prime factors of u.
3, 61
Suppose -25 = -3*b + c, -2*c + 0 = 4*b - 20. Let y = 10 - b. Suppose -5*v = -4*z - 12 + 43, 0 = y*z + 3*v - 30. What are the prime factors of z?
3
Suppose -4*w - 4*b = 120, -4*b = w + 4*w + 146. List the prime factors of (2 - 3)/(1/w).
2, 13
Suppose 0 = 2*s - 4*s + 78. What are the prime factors of s?
3, 13
Let l(v) be the first derivative of 2*v**2 - 3*v + 8. Let d = 13 - 7. List the prime factors of l(d).
3, 7
Let u(o) = -o**2 - 10*o - 7. Let x be u(-9). Suppose -3*w + l + 2 = 0, 0*l = 2*w - l - x. What are the prime factors of 5 + 0 + w/5?
5
Let b(v) = -v**2 + 4*v - 1. Let y be b(4). Let t = 4 + y. Let m(h) = -h**3 + 2*h**2 + 3*h + 2. What are the prime factors of m(t)?
2
Let j(k) = -11*k - k**2 - 4 - 1 - 8. Let y(t) = -11*t + 35. Let u be y(4). List the prime factors of j(u).
5
Let m = 37 + -129. List the prime factors of (-1)/(94/m + 1).
2, 23
Suppose -d = -f + 82, 2*d + 1 + 3 = 0. List the prime factors of f.
2, 5
Suppose -19*d + 18*d = -90. List the prime factors of d.
2, 3, 5
Let b(a) = -a**2 - 5*a - 3. Let m be b(-3). Suppose 4*x = m*x + 12. Suppose 2*w - 4 = x. What are the prime factors of w?
2
Let a(m) = 2 + 0*m**3 - m**2 + 5*m + 2 + m**3 - 2*m**3. List the prime factors of a(-3).
7
Suppose -f - 1 = -6. Suppose -19 = -4*j - 3*b, -f*b - 6 - 1 = -3*j. Suppose 0 = -3*g + 10 - j. What are the prime factors of g?
2
Let i(o) = -o**2 - 5*o - 1. List the prime factors of i(-4).
3
Suppose x + 5 - 4 = 0. Let q be (-2)/7 - 30/(-7). What are the prime factors of x/(-1) + 0 + q?
5
Suppose 5*j = b - 122, -8*j + 4*j - 12 = 0. Suppose 0 = 5*d + 2*q - b, 109 = d + 4*d + 4*q. What are the prime factors of d?
3, 7
Suppose -6*k = -164 - 88. List the prime factors of k.
2, 3, 7
Let t = 61 + -56. What are the prime factors of t?
5
Suppose 12*m - 259 = 221. What are the prime factors of m?
2, 5
Let w(v) = -v - 11. Let r be w(-8). Let l(i) = -i**3 + 2*i - 4. Let b be l(r). What are the prime factors of (-1)/4 - b/(-4)?
2
Suppose 0 = -i - i + 44. List the prime factors of i.
2, 11
Let q(m) = m**3 - 3*m**2 + 2*m - 4. Let o be q(3). Suppose -4*f = o*s - 78, 0*f + f = s - 24. List the prime factors of s.
29
Let y(x) = -37*x**3 - 1. List the prime factors of y(-1).
2, 3
Let g = -51 - -60. What are the prime factors of g?
3
What are the prime factors of 1*(9 - (-3 + 1))?
11
Let s(j) = j**2 + 9*j - 10. List the prime factors of s(-13).
2, 3, 7
Let s be (-2)/((-3)/((-105)/(-2))). Let a(h) = 3*h**2 + h + 1. Let w be a(-1). Suppose -4*c - w*j + 13 = -42, -5*c = -3*j - s. List the prime factors of c.
2, 5
Suppose 571 = 5*d + 4*f, 14 = 2*d + 4*f - 224. List the prime factors of d.
3, 37
Let c(o) = 7 + 3*o - 8*o + o**2 - 2*o. Let w be c(5). List the prime factors of (-7)/2*(w + 1).
7
Let c(b) = b**3 - 4*b**2 + 3*b - 3. Let y(r) = 4 - 7*r**2 + 6*r**2 - 3. Let p(s) = -c(s) - 2*y(s). List the prime factors of p(5).
11
Let h = -19 - -30. Suppose -f - 1 = -h. List the prime factors of f.
2, 5
Suppose 0 = -5*y - 285 + 1405. Suppose 2*v = v - 5*h - 44, 4*h = 4*v + y. List the prime factors of v/4*(-2)/3.
3
Let q(h) = 23*h - 2. Let o = 16 - 14. What are the prime factors of q(o)?
2, 11
Suppose -a = 5*q + 13 + 2, -3*a + 12 = -4*q. What are the prime factors of ((-6)/9)/(q/27)?
2, 3
Let k(x) = -x**3 + 8*x**2 + 8*x + 7. Let a be k(9). Let c = a - -4. List the prime factors of c.
2
Let m be 2/(-7) + 2403/7. What are the prime factors of m/21*(0 - -3)?
7
Let u = 7 - 4. Suppose -u*a + 47 = -13. What are the prime factors of a?
2, 5
Let j be (-5)/(-6)*(2 - -4). Suppose 9*o = j*o + 172. List the prime factors of o.
43
Let i = 7 - 5. Suppose 2*c - 2 = i. What are the prime factors of (1/(-2))/(c/(-32))?
2
Suppose 0*o - 3*i - 29 = -5*o, 0 = -i - 3. Let x = 8 + o. What are the prime factors of x?
2, 3
Let o(v) be the second derivative of v**4/12 - 2*v**3/3 - 5*v**2/2 - 3*v. List the prime factors of o(6).
7
List the prime factors of ((-4)/(-6))/((-4)/(-270)).
3, 5
Let i = 18 - 9. Let t be 2 - 2 - (-34)/2. Let b = t - i. What are the prime factors of b?
2
Let m be 38/((-4)/6*-3). Suppose 3*l - u + 19 = 0, m = -2*l - 4*u - 17. Let f = 2 - l. What are the prime factors of f?
2, 5
Let x be (-14)/(-2)*10/7. Let c(y) = y**3 - 9*y**2 - 7*y - 10. Let g be c(x). List the prime factors of 8/(-1)*(-25)/g.
2, 5
Let g be -4 + 1 + 2/(-1). Let d(b) = 2*b**2 + 7*b + 7. Let x be d(g). Suppose 2 - x = -5*i. What are the prime factors of i?
2
Let m(z) = -10*z**2 + 2*z + 1. Let u be m(2). List the prime factors of u/2*18/(-15).
3, 7
Suppose 6*q = q + 10. Suppose -4*v = 0, -4*f - v - q*v = 12. What are the prime factors of -1*(7 + f)/(-2)?
2
Let s(h) = h**3 + 12*h**2 + 7*h + 13. What are the prime factors of s(-9)?
193
Let y = -5 + 9. Suppose 5*d = 3*d - 3*t + 7, -y*d - 6 = 2*t. List the prime factors of d/6